Is 79344 a multiple of 171?
True
Is 5891 a multiple of 13?
False
Does 15 divide 900?
True
Is 5 a factor of 2950?
True
Is 6297 a multiple of 3?
True
Is 2 a factor of 2321?
False
Does 31 divide 38037?
True
Is 9 a factor of 248?
False
Is 8 a factor of 101?
False
Does 55 divide 13420?
True
Does 5 divide 3482?
False
Is 37 a factor of 2838?
False
Is 870 a multiple of 30?
True
Does 12 divide 398?
False
Is 6 a factor of 5995?
False
Is 13 a factor of 27586?
True
Is 37 a factor of 15651?
True
Does 23 divide 9660?
True
Is 1470 a multiple of 21?
True
Is 448 a multiple of 10?
False
Is 38 a factor of 5358?
True
Does 62 divide 601?
False
Is 2772 a multiple of 33?
True
Is 15 a factor of 1306?
False
Does 16 divide 16?
True
Is 57250 a multiple of 229?
True
Is 6 a factor of 431?
False
Is 2 a factor of 232?
True
Is 3523 a multiple of 57?
False
Does 13 divide 1651?
True
Is 6059 a multiple of 2?
False
Is 891 a multiple of 33?
True
Does 44 divide 13376?
True
Is 15 a factor of 4376?
False
Is 4 a factor of 6653?
False
Is 132 a factor of 28200?
False
Does 134 divide 4690?
True
Is 1134 a multiple of 42?
True
Is 959 a multiple of 20?
False
Is 245 a multiple of 3?
False
Is 5 a factor of 210?
True
Is 22748 a multiple of 22?
True
Is 8 a factor of 38?
False
Is 10 a factor of 3950?
True
Is 6 a factor of 7777?
False
Does 42 divide 998?
False
Does 12 divide 1130?
False
Is 2 a factor of 248?
True
Does 4 divide 547?
False
Does 34 divide 238?
True
Does 67 divide 4798?
False
Is 10 a factor of 6490?
True
Is 255 a multiple of 17?
True
Is 4460 a multiple of 6?
False
Is 70 a factor of 1190?
True
Does 194 divide 64344?
False
Is 1414 a multiple of 28?
False
Does 45 divide 3073?
False
Is 42 a factor of 761?
False
Does 2 divide 309?
False
Does 84 divide 336?
True
Is 143 a multiple of 5?
False
Does 75 divide 28350?
True
Is 34142 a multiple of 86?
True
Does 7 divide 1051?
False
Is 68 a multiple of 34?
True
Does 249 divide 10819?
False
Does 145 divide 7487?
False
Is 152 a factor of 12312?
True
Does 38 divide 3344?
True
Does 3 divide 147?
True
Is 5808 a multiple of 88?
True
Is 1745 a multiple of 43?
False
Is 13 a factor of 160069?
True
Is 222 a multiple of 3?
True
Is 44 a multiple of 4?
True
Is 9 a factor of 2333?
False
Does 29 divide 10759?
True
Is 188 a multiple of 7?
False
Is 47 a factor of 7614?
True
Is 88 a factor of 3432?
True
Does 14 divide 982?
False
Does 94 divide 15604?
True
Is 227 a multiple of 19?
False
Is 9 a factor of 107992?
False
Is 836 a multiple of 44?
True
Does 22 divide 65648?
True
Does 15 divide 420?
True
Does 13 divide 3405?
False
Does 10 divide 16434?
False
Is 3 a factor of 93?
True
Does 10 divide 752?
False
Is 4 a factor of 3028?
True
Is 13 a factor of 16666?
True
Does 63 divide 5195?
False
Does 13 divide 2796?
False
Does 17 divide 611?
False
Does 123 divide 27775?
False
Is 3 a factor of 3621?
True
Is 20359 a multiple of 25?
False
Is 3024 a multiple of 84?
True
Is 8 a factor of 20120?
True
Does 5 divide 760?
True
Is 7 a factor of 445?
False
Is 4 a factor of 101?
False
Does 85 divide 23545?
True
Is 1543 a multiple of 52?
False
Does 16 divide 8384?
True
Is 15 a factor of 970?
False
Is 1407 a multiple of 23?
False
Is 3 a factor of 207?
True
Does 23 divide 1127?
True
Is 18 a factor of 954?
True
Is 2025 a multiple of 27?
True
Is 4025 a multiple of 35?
True
Is 142 a multiple of 14?
False
Does 35 divide 3045?
True
Is 6058 a multiple of 33?
False
Is 1965 a multiple of 14?
False
Does 27 divide 608?
False
Does 153 divide 13471?
False
Is 13 a factor of 23361?
True
Is 6 a factor of 139?
False
Is 3 a factor of 181?
False
Is 9 a factor of 693?
True
Is 27 a factor of 2808?
True
Does 70 divide 14630?
True
Does 23 divide 5898?
False
Is 11 a factor of 27290?
False
Is 7 a factor of 3143?
True
Is 7839 a multiple of 29?
False
Is 2295 a multiple of 51?
True
Is 81 a factor of 1782?
True
Is 44 a factor of 3696?
True
Does 18 divide 42299?
False
Does 11 divide 46354?
True
Does 3 divide 6?
True
Is 595 a multiple of 85?
True
Does 163 divide 11221?
False
Is 350 a multiple of 70?
True
Is 2 a factor of 29?
False
Is 1575 a multiple of 3?
True
Is 241 a factor of 52779?
True
Is 8815 a multiple of 44?
False
Is 529 a multiple of 23?
True
Is 8950 a multiple of 19?
False
Does 54 divide 54?
True
Does 8 divide 552?
True
Does 17 divide 3196?
True
Is 4891 a multiple of 73?
True
Is 9 a factor of 2147?
False
Is 280 a multiple of 10?
True
Is 10 a factor of 480?
True
Is 60 a multiple of 30?
True
Does 14 divide 90930?
True
Does 17 divide 1379?
False
Is 51 a factor of 7038?
True
Is 2 a factor of 6202?
True
Does 12 divide 40982?
False
Does 4 divide 547?
False
Is 243 a multiple of 9?
True
Is 34 a factor of 5920?
False
Is 24 a factor of 2619?
False
Is 2 a factor of 365?
False
Is 4624 a multiple of 4?
True
Is 12585 a multiple of 63?
False
Does 11 divide 20905?
False
Does 9 divide 4923?
True
Is 8344 even?
True
Does 9 divide 252?
True
Is 117 a factor of 10195?
False
Is 46507 a multiple of 21?
False
Is 6158 a multiple of 7?
False
Is 125 a factor of 8026?
False
Does 91 divide 9009?
True
Does 15 divide 1095?
True
Is 1529 a multiple of 75?
False
Is 2752 a multiple of 16?
True
Is 7 a factor of 432?
False
Is 4836 a multiple of 93?
True
Does 45 divide 1867?
False
Is 20 a factor of 1000?
True
Does 60 divide 10320?
True
Is 597 a multiple of 7?
False
Does 5 divide 7111?
False
Does 17 divide 1359?
False
Does 14 divide 359?
False
Is 205 a multiple of 3?
False
Does 12 divide 6168?
True
Does 22 divide 262?
False
Does 6 divide 790?
False
Does 29 divide 764?
False
Is 5056 a multiple of 6?
False
Does 472 divide 119986?
False
Does 42 divide 336?
True
Is 9 a factor of 9166?
False
Does 145 divide 5220?
True
Is 1387 a multiple of 112?
False
Is 7781 a multiple of 31?
True
Is 3 a factor of 1053?
True
Is 1884 a multiple of 6?
True
Is 6 a factor of 20376?
True
Is 161 a multiple of 12?
False
Is 33 a factor of 32901?
True
Is 8 a factor of 1148?
False
Is 465 a multiple of 18?
False
Does 101 divide 3232?
True
Is 3173 a multiple of 15?
False
Is 65 a factor of 1368?
False
Is 21 a factor of 265?
False
Is 1225 a multiple of 4?
False
Is 474 a multiple of 79?
True
Does 6 divide 526?
False
Is 12545 even?
False
Does 6 divide 27384?
True
Does 9 divide 562?
False
Is 74 a factor of 1816?
False
Is 600 a multiple of 20?
True
Does 13 divide 257?
False
Is 1693 a multiple of 14?
False
Does 33 divide 3102?
True
Is 100 a factor of 4500?
True
Is 67196 a multiple of 107?
True
Is 18 a factor of 107?
False
Does 13 divide 286?
True
Does 10 divide 131?
False
Is 20 a factor of 580?
True
Is 2 a factor of 12733?
False
Is 7 a multiple of 7?
True
Does 14 divide 12936?
True
Is 6 a factor of 12865?
False
Does 15 divide 6945?
True
Is 3 a factor of 309?
True
Is 207 a multiple of 49?
False
Is 7 a factor of 112?
True
Is 9996 a multiple of 21?
True
Does 61 divide 3477?
True
Is 12 a factor of 701?
False
Does 122 divide 6549?
False
Is 1275 a multiple of 15?
True
Does 99 divide 693?
True
Is 12320 a multiple of 10?
True
Does 29 divide 899?
True
Is 153 a factor of 7191?
True
Is 1890 a multiple of 35?
True
Is 17 a factor of 1323?
False
Does 2 divide 124?
True
Is 24 a multiple of 3?
True
Is 300 a multiple of 20?
True
Is 884 a multiple of 17?
True
Is 54 a factor of 7411?
False
Is 4064 a multiple of 16?
True
Does 68 divide 23188?
True
Does 9 divide 522?
True
Is 24 a factor of 96?
True
Is 16 a factor of 272?
True
Does 20 divide 23360?
True
Is 14 a factor of 304?
False
Is 66 a factor of 5016?
True
Does 15 divide 971?
False
Does 9 divide 3876?
False
Is 13750 a multiple of 11?
True
Is 3057 a multiple of 90?
False
Is 58 a factor of 52548?
True
Is 761 a multiple of 36?
False
Is 7142 a multiple of 81?
False
Is 20976 a multiple of 31?
False
Does 2 divide 164?
True
Does 51 divide 1973?
False
Is 378 a multiple of 14?
True
Does 23 divide 46?
True
Does 18 divide 30672?
True
Is 5 a factor of 180?
True
Is 173 a factor of 13494?
True
Is 600 a multiple of 12?
True
Is 2277 a multiple of 69?
True
Is 58 a factor of 5858?
True
Is 10094 a multiple of 103?
True
Is 351 a multiple of 2?
False
Is 7912 a multiple of 8?
True
Is 2877 a multiple of 7?
True
Is 65 a factor of 5879?
False
Is 71 a factor of 17040?
True
Is 19 a factor of 135?
False
Does 18 divide 6516?
True
Does 12 divide 6258?
False
Is 6 a factor of 3302?
